{"id":124,"date":"2023-07-08T13:45:52","date_gmt":"2023-07-08T16:45:52","guid":{"rendered":"https:\/\/unice.br\/site\/?page_id=124"},"modified":"2023-07-23T13:11:24","modified_gmt":"2023-07-23T16:11:24","slug":"turismo","status":"publish","type":"page","link":"https:\/\/unice.br\/site\/index.php\/turismo\/","title":{"rendered":"Turismo"},"content":{"rendered":"<p><span style=\"color: #000000;\"><b>APRESENTA\u00c7\u00c3O<\/b><\/span><\/p>\n<p style=\"text-align: justify;\"><span style=\"font-weight: 400; color: #000000;\">O Curso de Bacharel em Turismo da UNICE, possui o corpo docente de Mestres e Doutores com ampla experi\u00eancia na \u00e1rea, colaborando com a teoria e pr\u00e1tica dos futuros Turism\u00f3logos.\u00a0\u00a0<\/span><\/p>\n<p style=\"text-align: justify;\"><span style=\"font-weight: 400; color: #000000;\">Voc\u00ea ter\u00e1 acesso \u00e0 laborat\u00f3rios equipados para as pr\u00e1ticas do curso, como inform\u00e1tica, Laborat\u00f3rio GNT (Gastronomia, Nutri\u00e7\u00e3o e Turismo) e Empresa J\u00fanior.\u00a0 Al\u00e9m disso, o curso oferece atividades extra sala de aula com visitas e viagens t\u00e9cnicas, Programas de Monitorias em Inicia\u00e7\u00e3o \u00e0 Pesquisa e \u00e0 Doc\u00eancia e Grupos de Estudo.<\/span><\/p>\n<p><span style=\"color: #000000;\"><b>MERCADO DE TRABALHO<\/b><\/span><\/p>\n<p style=\"text-align: justify;\"><span style=\"font-weight: 400; color: #000000;\">O Bacharel em Turismo \u00e9 formado para atuar como gestor e planejador de empreendimentos nas \u00e1reas de agenciamento tur\u00edstico receptivo e emissivo, hotelaria, transportes, organiza\u00e7\u00e3o de eventos, marketing tur\u00edstico e no planejamento organizacional e sustent\u00e1vel de destinos e espa\u00e7os tur\u00edsticos nos setores p\u00fablicos e privados, al\u00e9m da pesquisa acad\u00eamica e cient\u00edfica.<\/span><\/p>\n<p><a href=\"https:\/\/unice.br\/site\/index.php\/curriculo-de-turismo\/\" rel=\"noopener\"><span style=\"color: #000000;\"><b>ESTRUTURA CURRICULAR<\/b><\/span><\/a><\/p>\n<p><span style=\"color: #000000;\"><b>FORMAS DE INGRESSO<\/b><\/span><\/p>\n<ul>\n<li style=\"font-weight: 400;\" aria-level=\"1\"><span style=\"font-weight: 400; color: #000000;\">Vestibular agendado<\/span><\/li>\n<li style=\"font-weight: 400;\" aria-level=\"1\"><span style=\"font-weight: 400; color: #000000;\">Vestibular tradicional<\/span><\/li>\n<li style=\"font-weight: 400;\" aria-level=\"1\"><span style=\"font-weight: 400; color: #000000;\">ENEM<\/span><\/li>\n<li style=\"font-weight: 400;\" aria-level=\"1\"><span style=\"font-weight: 400; color: #000000;\">Segunda Gradua\u00e7\u00e3o<\/span><\/li>\n<li style=\"font-weight: 400;\" aria-level=\"1\"><span style=\"font-weight: 400; color: #000000;\">Transfer\u00eancia<\/span><\/li>\n<\/ul>\n<p><span style=\"color: #000000;\"><b>INFORMA\u00c7\u00d5ES<\/b><\/span><\/p>\n<p><span style=\"color: #000000;\"><b>Localiza\u00e7\u00e3o: <\/b><span style=\"font-weight: 400;\">Rua Dona Leopoldina, 912 &#8211; Centro<\/span><\/span><\/p>\n<p><span style=\"color: #000000;\"><b>TURNOS: <\/b><span style=\"font-weight: 400;\">Noite<\/span><\/span><\/p>\n<p><span style=\"color: #000000;\"><b>DURA\u00c7\u00c3O: <\/b><span style=\"font-weight: 400;\">3 anos (6 semestres)<\/span><\/span><\/p>\n<p><a href=\"https:\/\/unice.br\/site\/index.php\/calculo-para-aprovacao-graduacao\/\" target=\"_blank\" rel=\"noopener\"><span style=\"color: #000000;\"><b>C\u00c1LCULO PARA APROVA\u00c7\u00c3O<\/b><\/span><\/a><\/p>\n","protected":false},"excerpt":{"rendered":"<p>APRESENTA\u00c7\u00c3O O Curso de Bacharel em Turismo da UNICE, possui o corpo docente de Mestres e Doutores com ampla experi\u00eancia na \u00e1rea, colaborando com a teoria e pr\u00e1tica dos futuros Turism\u00f3logos.\u00a0\u00a0 Voc\u00ea ter\u00e1 acesso \u00e0 laborat\u00f3rios equipados para as pr\u00e1ticas do curso, como inform\u00e1tica, Laborat\u00f3rio GNT (Gastronomia, Nutri\u00e7\u00e3o e Turismo) e Empresa J\u00fanior.\u00a0 Al\u00e9m disso,<\/p><\/div>\n<div class=\"blog-btn\"><a href=\"https:\/\/unice.br\/site\/index.php\/turismo\/\" class=\"home-blog-btn\">Ler mais<\/a><\/p>\n","protected":false},"author":1,"featured_media":0,"parent":0,"menu_order":0,"comment_status":"closed","ping_status":"closed","template":"","meta":{"footnotes":""},"class_list":["post-124","page","type-page","status-publish","hentry"],"_links":{"self":[{"href":"https:\/\/unice.br\/site\/index.php\/wp-json\/wp\/v2\/pages\/124","targetHints":{"allow":["GET"]}}],"collection":[{"href":"https:\/\/unice.br\/site\/index.php\/wp-json\/wp\/v2\/pages"}],"about":[{"href":"https:\/\/unice.br\/site\/index.php\/wp-json\/wp\/v2\/types\/page"}],"author":[{"embeddable":true,"href":"https:\/\/unice.br\/site\/index.php\/wp-json\/wp\/v2\/users\/1"}],"replies":[{"embeddable":true,"href":"https:\/\/unice.br\/site\/index.php\/wp-json\/wp\/v2\/comments?post=124"}],"version-history":[{"count":6,"href":"https:\/\/unice.br\/site\/index.php\/wp-json\/wp\/v2\/pages\/124\/revisions"}],"predecessor-version":[{"id":302,"href":"https:\/\/unice.br\/site\/index.php\/wp-json\/wp\/v2\/pages\/124\/revisions\/302"}],"wp:attachment":[{"href":"https:\/\/unice.br\/site\/index.php\/wp-json\/wp\/v2\/media?parent=124"}],"curies":[{"name":"wp","href":"https:\/\/api.w.org\/{rel}","templated":true}]}}