{"id":282,"date":"2023-07-23T12:03:08","date_gmt":"2023-07-23T15:03:08","guid":{"rendered":"https:\/\/unice.br\/site\/?page_id=282"},"modified":"2023-07-23T13:08:18","modified_gmt":"2023-07-23T16:08:18","slug":"curriculo-de-turismo","status":"publish","type":"page","link":"https:\/\/unice.br\/site\/index.php\/curriculo-de-turismo\/","title":{"rendered":"Curr\u00edculo de Turismo"},"content":{"rendered":"<p><span style=\"color: #000000;\"><strong>Confira as disciplinas do curso de Administra\u00e7\u00e3o:<\/strong><\/span><\/p>\n<ul>\n<li><span style=\"color: #000000;\">Comunica\u00e7\u00e3o e Express\u00e3o<\/span><\/li>\n<li><span style=\"color: #000000;\">Inform\u00e1tica<\/span><\/li>\n<li><span style=\"color: #000000;\">Introdu\u00e7\u00e3o \u00e0s Ci\u00eancias Sociais<\/span><\/li>\n<li><span style=\"color: #000000;\">Matem\u00e1tica Aplicada<\/span><\/li>\n<li><span style=\"color: #000000;\">Teoria Geral do Turismo<\/span><\/li>\n<li><span style=\"color: #000000;\">Contabilidade<\/span><\/li>\n<li><span style=\"color: #000000;\">Estat\u00edstica Aplicada<\/span><\/li>\n<li><span style=\"color: #000000;\">Ingl\u00eas I<\/span><\/li>\n<li><span style=\"color: #000000;\">Introdu\u00e7\u00e3o \u00e0 Economia<\/span><\/li>\n<li><span style=\"color: #000000;\">Introdu\u00e7\u00e3o \u00e0 Geografia<\/span><\/li>\n<li><span style=\"color: #000000;\">Turismo Tecnol\u00f3gico<\/span><\/li>\n<li><span style=\"color: #000000;\">\u00c9tica e Legisla\u00e7\u00e3o Profissional<\/span><\/li>\n<li><span style=\"color: #000000;\">Gest\u00e3o de Ag\u00eancias de Turismo<\/span><\/li>\n<li><span style=\"color: #000000;\">Hist\u00f3ria do Brasil<\/span><\/li>\n<li><span style=\"color: #000000;\">Ingl\u00eas II<\/span><\/li>\n<li><span style=\"color: #000000;\">Marketing<\/span><\/li>\n<li><span style=\"color: #000000;\">Metodologia Cient\u00edfica<\/span><\/li>\n<li><span style=\"color: #000000;\">Gest\u00e3o dos Meios de Hospedagem<\/span><\/li>\n<li><span style=\"color: #000000;\">Hist\u00f3ria do Cear\u00e1<\/span><\/li>\n<li><span style=\"color: #000000;\">Lazer e Anima\u00e7\u00e3o<\/span><\/li>\n<li><span style=\"color: #000000;\">Legisla\u00e7\u00e3o Tur\u00edstica<\/span><\/li>\n<li><span style=\"color: #000000;\">Planejamento e Organiza\u00e7\u00e3o de Turismo<\/span><\/li>\n<li><span style=\"color: #000000;\">Transportes Tur\u00edsticos<\/span><\/li>\n<li><span style=\"color: #000000;\">Est\u00e1gio Supervisionado I<\/span><\/li>\n<li><span style=\"color: #000000;\">Arquitetura e Urbanisno<\/span><\/li>\n<li><span style=\"color: #000000;\">Gnt &#8211; Alimentos e Bebidas<\/span><\/li>\n<li><span style=\"color: #000000;\">Gest\u00e3o de Vendas<\/span><\/li>\n<li><span style=\"color: #000000;\">Pesquisa Cient\u00edfica I<\/span><\/li>\n<li><span style=\"color: #000000;\">Planejamento e Organiza\u00e7\u00e3o de Eventos<\/span><\/li>\n<li><span style=\"color: #000000;\">Teoria e Pr\u00e1tica da Cria\u00e7\u00e3o de Neg\u00f3cios<\/span><\/li>\n<li><span style=\"color: #000000;\">Consultoria Tur\u00edstica<\/span><\/li>\n<li><span style=\"color: #000000;\">Gest\u00e3o Ambiental<\/span><\/li>\n<li><span style=\"color: #000000;\">Pesquisa Cient\u00edfica II<\/span><\/li>\n<li><span style=\"color: #000000;\">Pol\u00edticas P\u00fablicas<\/span><\/li>\n<li><span style=\"color: #000000;\">Turismo, Patrim\u00f4nio e Cultura<\/span><\/li>\n<li><span style=\"color: #000000;\">Teorias Comportamentais<\/span><\/li>\n<li><span style=\"color: #000000;\">Atividades Acad\u00eamicas Complementares<\/span><\/li>\n<li><span style=\"color: #000000;\">Est\u00e1gio Supervisionado em Turismo<\/span><\/li>\n<\/ul>\n<p><span style=\"color: #000000;\"><strong>Disciplinas Optativas:<\/strong><\/span><\/p>\n<ul>\n<li><span style=\"color: #000000;\">Direitos Humanos<\/span><\/li>\n<li><span style=\"color: #000000;\">Educa\u00e7\u00e3o Ambiental<\/span><\/li>\n<li><span style=\"color: #000000;\">Espanhol I<\/span><\/li>\n<li><span style=\"color: #000000;\">Etnia, Sociedade e Cultura Brasileira<\/span><\/li>\n<li><span style=\"color: #000000;\">Gest\u00e3o de Organiza\u00e7\u00f5es N\u00e3o-Governamentais<\/span><\/li>\n<li><span style=\"color: #000000;\">Gest\u00e3o de Pequenas e M\u00e9dias Empresas<\/span><\/li>\n<li><span style=\"color: #000000;\">Gest\u00e3o Urbana<\/span><\/li>\n<li><span style=\"color: #000000;\">Gest\u00e3o de Pessoas<\/span><\/li>\n<li><span style=\"color: #000000;\">L\u00edngua Brasileira ee Sinais<\/span><\/li>\n<li><span style=\"color: #000000;\">Rela\u00e7\u00e3o Ci\u00eancia, Tecnologia e Sociedade<\/span><\/li>\n<li><span style=\"color: #000000;\">Sustentabilidade Tecnol\u00f3gica<\/span><\/li>\n<li><span style=\"color: #000000;\">T\u00f3picos Avan\u00e7ados Turismo<\/span><\/li>\n<\/ul>\n<p style=\"text-align: center;\"><a href=\"https:\/\/unice.br\/site\/index.php\/turismo\/\"><span style=\"color: #ce1b28;\"><strong>Voltar<\/strong><\/span><\/a><\/p>\n","protected":false},"excerpt":{"rendered":"<p>Confira as disciplinas do curso de Administra\u00e7\u00e3o: Comunica\u00e7\u00e3o e Express\u00e3o Inform\u00e1tica Introdu\u00e7\u00e3o \u00e0s Ci\u00eancias Sociais Matem\u00e1tica Aplicada Teoria Geral do Turismo Contabilidade Estat\u00edstica Aplicada Ingl\u00eas I Introdu\u00e7\u00e3o \u00e0 Economia Introdu\u00e7\u00e3o \u00e0 Geografia Turismo Tecnol\u00f3gico \u00c9tica e Legisla\u00e7\u00e3o Profissional Gest\u00e3o de Ag\u00eancias de Turismo Hist\u00f3ria do Brasil Ingl\u00eas II Marketing Metodologia Cient\u00edfica Gest\u00e3o dos Meios de<\/p><\/div>\n<div class=\"blog-btn\"><a href=\"https:\/\/unice.br\/site\/index.php\/curriculo-de-turismo\/\" class=\"home-blog-btn\">Ler mais<\/a><\/p>\n","protected":false},"author":1,"featured_media":0,"parent":0,"menu_order":0,"comment_status":"closed","ping_status":"closed","template":"","meta":{"footnotes":""},"class_list":["post-282","page","type-page","status-publish","hentry"],"_links":{"self":[{"href":"https:\/\/unice.br\/site\/index.php\/wp-json\/wp\/v2\/pages\/282","targetHints":{"allow":["GET"]}}],"collection":[{"href":"https:\/\/unice.br\/site\/index.php\/wp-json\/wp\/v2\/pages"}],"about":[{"href":"https:\/\/unice.br\/site\/index.php\/wp-json\/wp\/v2\/types\/page"}],"author":[{"embeddable":true,"href":"https:\/\/unice.br\/site\/index.php\/wp-json\/wp\/v2\/users\/1"}],"replies":[{"embeddable":true,"href":"https:\/\/unice.br\/site\/index.php\/wp-json\/wp\/v2\/comments?post=282"}],"version-history":[{"count":2,"href":"https:\/\/unice.br\/site\/index.php\/wp-json\/wp\/v2\/pages\/282\/revisions"}],"predecessor-version":[{"id":299,"href":"https:\/\/unice.br\/site\/index.php\/wp-json\/wp\/v2\/pages\/282\/revisions\/299"}],"wp:attachment":[{"href":"https:\/\/unice.br\/site\/index.php\/wp-json\/wp\/v2\/media?parent=282"}],"curies":[{"name":"wp","href":"https:\/\/api.w.org\/{rel}","templated":true}]}}