{"id":55,"date":"2023-07-08T11:35:59","date_gmt":"2023-07-08T14:35:59","guid":{"rendered":"https:\/\/unice.br\/site\/?page_id=55"},"modified":"2023-07-10T21:08:26","modified_gmt":"2023-07-11T00:08:26","slug":"contatos","status":"publish","type":"page","link":"https:\/\/unice.br\/site\/index.php\/contatos\/","title":{"rendered":"Contatos"},"content":{"rendered":"<p><span style=\"color: #000000;\"><strong>INFORMA\u00c7\u00d5ES ACAD\u00caMICAS<\/strong><\/span><\/p>\n<p><span style=\"color: #000000;\"><strong>Entre em contato conosco via Whatsapp:<\/strong><\/span><\/p>\n<p><a href=\"https:\/\/api.whatsapp.com\/send?phone=5585998205741\">(85) 99820.5741<\/a><\/p>\n<p><a href=\"https:\/\/api.whatsapp.com\/send?phone=5585996504664\">(85) 99650.4664<\/a><\/p>\n<p><a href=\"https:\/\/api.whatsapp.com\/send?phone=5585997390024\">(85) 99734.0024<\/a><\/p>\n<p><a href=\"https:\/\/api.whatsapp.com\/send?phone=5585991219617\">(85) 99121.9617<\/a><\/p>\n<hr \/>\n<p><span style=\"color: #000000;\"><strong>Ou utilize o Formul\u00e1rio de contato:<\/strong><\/span><\/p>\n<p><span style=\"color: #000000;\">\n<div class=\"wpcf7 no-js\" id=\"wpcf7-f213-o1\" lang=\"pt-BR\" dir=\"ltr\">\n<div class=\"screen-reader-response\"><p role=\"status\" aria-live=\"polite\" aria-atomic=\"true\"><\/p> <ul><\/ul><\/div>\n<form action=\"\/site\/index.php\/wp-json\/wp\/v2\/pages\/55#wpcf7-f213-o1\" method=\"post\" class=\"wpcf7-form init\" aria-label=\"Formul\u00e1rios de contato\" enctype=\"multipart\/form-data\" novalidate=\"novalidate\" data-status=\"init\">\n<div style=\"display: none;\">\n<input type=\"hidden\" name=\"_wpcf7\" value=\"213\" \/>\n<input type=\"hidden\" name=\"_wpcf7_version\" value=\"5.9.8\" \/>\n<input type=\"hidden\" name=\"_wpcf7_locale\" value=\"pt_BR\" \/>\n<input type=\"hidden\" name=\"_wpcf7_unit_tag\" value=\"wpcf7-f213-o1\" \/>\n<input type=\"hidden\" name=\"_wpcf7_container_post\" value=\"0\" \/>\n<input type=\"hidden\" name=\"_wpcf7_posted_data_hash\" value=\"\" \/>\n<\/div>\n<p><label> Seu nome (Completo)*<br \/>\n<span class=\"wpcf7-form-control-wrap\" data-name=\"your-name\"><input size=\"40\" maxlength=\"400\" class=\"wpcf7-form-control wpcf7-text wpcf7-validates-as-required\" autocomplete=\"name\" aria-required=\"true\" aria-invalid=\"false\" value=\"\" type=\"text\" name=\"your-name\" \/><\/span> <\/label>\n<\/p>\n<p><label> Seu e-mail*<br \/>\n<span class=\"wpcf7-form-control-wrap\" data-name=\"your-email\"><input size=\"40\" maxlength=\"400\" class=\"wpcf7-form-control wpcf7-email wpcf7-validates-as-required wpcf7-text wpcf7-validates-as-email\" autocomplete=\"email\" aria-required=\"true\" aria-invalid=\"false\" value=\"\" type=\"email\" name=\"your-email\" \/><\/span> <\/label>\n<\/p>\n<p><label> Telefone*<br \/>\n<span class=\"wpcf7-form-control-wrap\" data-name=\"telefone\"><input size=\"40\" maxlength=\"400\" class=\"wpcf7-form-control wpcf7-tel wpcf7-validates-as-required wpcf7-text wpcf7-validates-as-tel\" aria-required=\"true\" aria-invalid=\"false\" value=\"\" type=\"tel\" name=\"telefone\" \/><\/span> <\/label>\n<\/p>\n<p><label> Assunto*<br \/>\n<span class=\"wpcf7-form-control-wrap\" data-name=\"Secretaria\"><select class=\"wpcf7-form-control wpcf7-select wpcf7-validates-as-required\" aria-required=\"true\" aria-invalid=\"false\" name=\"Secretaria\"><option value=\"Certificado\">Certificado<\/option><option value=\"Declara\u00e7\u00e3o\">Declara\u00e7\u00e3o<\/option><option value=\"Diploma\">Diploma<\/option><option value=\"Ementa\">Ementa<\/option><option value=\"Financeiro\">Financeiro<\/option><option value=\"Hist\u00f3rico\">Hist\u00f3rico<\/option><option value=\"Pedag\u00f3gico\">Pedag\u00f3gico<\/option><option value=\"Outros\">Outros<\/option><\/select><\/span><\/label>\n<\/p>\n<p><label> Sua mensagem*<br \/>\n<span class=\"wpcf7-form-control-wrap\" data-name=\"your-message\"><textarea cols=\"40\" rows=\"10\" maxlength=\"2000\" class=\"wpcf7-form-control wpcf7-textarea wpcf7-validates-as-required\" aria-required=\"true\" aria-invalid=\"false\" name=\"your-message\"><\/textarea><\/span> <\/label>\n<\/p>\n<p><label> Anexar documentos se necess\u00e1rio [tamanho m\u00e1ximo 2mb]<br \/>\n<span class=\"wpcf7-form-control-wrap\" data-name=\"Documentos\"><input size=\"40\" class=\"wpcf7-form-control wpcf7-file\" accept=\"audio\/*,video\/*,image\/*\" aria-invalid=\"false\" type=\"file\" name=\"Documentos\" \/><\/span><br \/>\n<\/label>\n<\/p>\n<p><label>*Todos os campos devem ser preenchidos.<\/label>\n<\/p>\n<p><input class=\"wpcf7-form-control wpcf7-submit has-spinner\" type=\"submit\" value=\"Enviar\" \/>\n<\/p><div class=\"wpcf7-response-output\" aria-hidden=\"true\"><\/div>\n<\/form>\n<\/div>\n<\/span><\/p>\n<hr \/>\n<p><span style=\"color: #000000;\"><strong>Endere\u00e7o:<\/strong> Rua Dona Leopoldina, 912 &#8211; Centro CEP 60110.001 Fortaleza &#8211; CE<\/span><\/p>\n","protected":false},"excerpt":{"rendered":"<p>INFORMA\u00c7\u00d5ES ACAD\u00caMICAS Entre em contato conosco via Whatsapp: (85) 99820.5741 (85) 99650.4664 (85) 99734.0024 (85) 99121.9617 Ou utilize o Formul\u00e1rio de contato: Endere\u00e7o: Rua Dona Leopoldina, 912 &#8211; Centro CEP 60110.001 Fortaleza &#8211; CE<\/p>\n","protected":false},"author":1,"featured_media":0,"parent":0,"menu_order":0,"comment_status":"closed","ping_status":"closed","template":"","meta":{"footnotes":""},"class_list":["post-55","page","type-page","status-publish","hentry"],"_links":{"self":[{"href":"https:\/\/unice.br\/site\/index.php\/wp-json\/wp\/v2\/pages\/55","targetHints":{"allow":["GET"]}}],"collection":[{"href":"https:\/\/unice.br\/site\/index.php\/wp-json\/wp\/v2\/pages"}],"about":[{"href":"https:\/\/unice.br\/site\/index.php\/wp-json\/wp\/v2\/types\/page"}],"author":[{"embeddable":true,"href":"https:\/\/unice.br\/site\/index.php\/wp-json\/wp\/v2\/users\/1"}],"replies":[{"embeddable":true,"href":"https:\/\/unice.br\/site\/index.php\/wp-json\/wp\/v2\/comments?post=55"}],"version-history":[{"count":27,"href":"https:\/\/unice.br\/site\/index.php\/wp-json\/wp\/v2\/pages\/55\/revisions"}],"predecessor-version":[{"id":222,"href":"https:\/\/unice.br\/site\/index.php\/wp-json\/wp\/v2\/pages\/55\/revisions\/222"}],"wp:attachment":[{"href":"https:\/\/unice.br\/site\/index.php\/wp-json\/wp\/v2\/media?parent=55"}],"curies":[{"name":"wp","href":"https:\/\/api.w.org\/{rel}","templated":true}]}}